(a). Let b = -93 + 95. Determine y(b).
4
Let g(m) = 11*m**3 + 10*m**2 + 10*m - 25. Let k(n) = 5*n**3 + 5*n**2 + 5*n - 12. Let a(x) = 6*g(x) - 13*k(x). Give a(5).
-19
Let u(p) = -p**2 - 3*p. Let a(i) = -23*i**2 - i - 1. Let d be a(-1). Let h = d + 21. Calculate u(h).
2
Let r(w) = 5 - 5*w**2 + 3*w + 3*w - w**3 + 0*w**2. Suppose -2*g = 3*n + 16, 2*g + 10 = -4*n + 2*n. Calculate r(n).
5
Let s(c) = c**2 - 19*c - 16. Suppose -4*w - 75 = -5*t, 4*t = -72*w + 75*w + 61. What is s(t)?
-16
Suppose -n = 5*o - 4 - 1, -2*n = -4*o - 10. Suppose 0 = -2*m + n*m + 15. Let x(j) = j**3 + 5*j**2 + j - 3. Calculate x(m).
-8
Let v(h) = -h**2. Let f(w) = w**2 + 4*w - 4. Let t(p) = -f(p) - 2*v(p). Let q be t(3). Let j(b) = 2*b**2 + 2*b - 1. Calculate j(q).
3
Let f(l) be the second derivative of l**5/20 + 11*l**4/12 + l**3/2 - 4*l**2 - 37*l. Calculate f(-11).
-41
Let v = -861 - -867. Let b(i) = -i**2 + i + 1. Determine b(v).
-29
Let b(i) = -4*i + 23. Let g be (-2)/3*4779/(-354). Calculate b(g).
-13
Let m(r) be the third derivative of r**6/120 - r**5/60 - r**3/6 + 84*r**2 - 1. What is m(-2)?
-13
Let p(c) = -c**2 - 8*c - 4. Let z(w) = -2*w**3 + 7*w**2 + 5*w - 10. Let r(v) = -v**2 + 6*v - 1. Let q be r(1). Let d be z(q). What is p(d)?
8
Suppose 22 = 2*g - r + 2, 5*g - 50 = 5*r. Let w = 12 - g. Suppose -1 = -0*b - b + w*d, d + 5 = -4*b. Let m(s) = s. Calculate m(b).
-1
Suppose 0 = -20*l + 4*l + 64. Let f(m) = -m + l*m + 28*m**2 - 29*m**2. Let p be 2/6 - (-22)/6. What is f(p)?
-4
Let y(p) = -5*p**3 + 4*p**2 + 5*p - 12. Let d(b) = -b**3 - b**2 + b - 3. Let s(j) = -4*d(j) + y(j). Let l = -12 - -20. Determine s(l).
8
Let r(n) = 2*n**2 - 4*n - 8. Let k(z) = -z**2 + 3*z + 6. Let w(l) = 5*k(l) + 4*r(l). What is w(2)?
8
Let h(v) = v**2 - 4*v. Suppose 3*x + r = 124, -2*x + 2*r - 7*r = -61. Let f = x + -38. Give h(f).
5
Let k(b) = b**2 - 5*b - 3. Let m be (-1)/3 + 2/6. Suppose -88 = -4*p - m*p. Let q = p + -17. Give k(q).
-3
Let h(q) = 2*q**2 - 60*q - 24. Let c be h(30). Let r(j) = j**3 + 24*j**2 - j - 21. What is r(c)?
3
Let l(k) = -3*k - 3. Let t(d) = -5*d. Let h(s) = s. Let g(v) = -9*h(v) - 2*t(v). Let p(u) = -2*g(u) - l(u). Let b(f) = 7*f + 14. Let n be b(-2). Calculate p(n).
3
Let x(z) = z - 7. Suppose 3*i + 13 - 4 = -p, 2*p - 2*i - 6 = 0. Suppose -4*l + 50 - 22 = p. Calculate x(l).
0
Let c(z) = -2*z**2 - 4*z + 1. Suppose -9 - 26 = -7*q. Suppose 12 = -9*t + q*t. Give c(t).
-5
Let y(q) be the third derivative of -q**5/60 - q**4/6 + q**3/6 + 138*q**2. What is y(-4)?
1
Let z(q) = -5*q + 3. Let o(a) = -2*a + 1. Let u(i) = 9*o(i) - 4*z(i). Determine u(2).
1
Suppose -18 + 6 = -6*n. Let d(b) = -31 - b**n + 7*b + 10 + 15. Suppose -4*i - 18 = -7*i. Calculate d(i).
0
Let o(l) = -4*l + 83. Let x be o(20). Let z(v) = -7*v + 24*v**x - 14*v**3 + 6 - 7*v**2 - 11*v**3. Let w be (-33)/6 + 2/(-4). Calculate z(w).
12
Let o(f) = 8*f + 3. Let d(j) = -7*j - 3. Let m(g) = 4*d(g) + 3*o(g). Calculate m(-2).
5
Let a(t) = -t**2 + 33*t + 9. Let k(d) = -d**2 + 26*d + 8. Let z(u) = -2*a(u) + 3*k(u). Give z(10).
26
Let p(s) = 2*s - 3. Suppose 0 = -4*g + 3*k + 201, -k = g + 4*k - 33. Suppose g = -2*z - m, 0 = -3*z - 2*m - 2*m - 67. Let x = 27 + z. What is p(x)?
1
Let b be ((2 - 3) + 4)*1. Suppose -g + 1 = -b. Suppose 3*v + 14 = -2*t, -g*v - 7 - 5 = -4*t. Let l(y) = 4*y**3 + 2*y**2 + y. Determine l(t).
-3
Let w(p) = 68*p**3 - 128*p**3 - 4 - 2*p**2 + 61*p**3. Calculate w(3).
5
Let j(g) be the second derivative of -8*g - 5/6*g**3 - 1/120*g**5 + 0*g**2 + 1/8*g**4 + 0. Let t(z) be the second derivative of j(z). Give t(7).
-4
Let z(d) be the second derivative of d**4/12 - 4*d**3/3 + d**2/2 - d. Let n be z(8). Let a(f) = 3*f**2 - 2*f + 1. Calculate a(n).
2
Let u(f) = f**3 - f**2 - f - 8. Suppose -3*k + 28 - 4 = 0. Suppose -3*o + 16 = 8*z - 4*z, 0 = 2*z - k. What is u(o)?
-8
Let r(y) = y**2 - 16*y - 3. Suppose 6*m + 77 - 179 = 0. Give r(m).
14
Let j(k) be the third derivative of k**5/60 + 3*k**4/4 + 31*k**3/6 + 6*k**2 - 3*k. What is j(-16)?
-1
Let j(f) = f**3 + 4*f**2 + 4*f + 4. Let r(l) = 13*l - 16. Let q be r(1). Determine j(q).
1
Let f(s) = -s. Suppose 70 + 105 = 5*b + 2*z, -4*b + 140 = -5*z. Suppose 2*k = 3*w + 17, 13 - b = 5*w + 3*k. What is f(w)?
5
Let k(w) = -w**3 - 22*w + 12 - 17*w**2 + 5*w**2 + 34*w**2 + 3. Calculate k(21).
-6
Let o(k) = -9 + 31 - 23*k + 18*k + 11. Give o(5).
8
Let o(f) be the third derivative of -5*f**6/24 + f**4/24 - 16*f**2. Suppose -2*l - 11 - 12 = 5*z, 4*l = -z - 1. Calculate o(l).
-24
Let k(t) be the second derivative of 1/6*t**4 - 7/20*t**5 + 0 - 1/6*t**3 - 12*t + 0*t**2. Give k(1).
-6
Suppose 29 = 163*o - 134*o. Let z(j) = 9*j**3 - 2*j**2 + 2*j - 1. What is z(o)?
8
Let z(c) = -c**2 + 3*c + 33. Let n be z(-4). Let a(x) = 2*x - 6. Calculate a(n).
4
Let q(f) = -2*f**2 + 17*f - 9. Let k(c) = c**3 + 13*c**2 - 14*c + 5. Let d be k(-14). Let y(l) = -l**2 + 8*l - 5. Let s(m) = d*y(m) - 2*q(m). Determine s(5).
-2
Let a(r) = -r + 6. Suppose 2*i - 5*s = -20, 0 = -5*i - 4*s + 2*s + 8. Suppose 5*v + i*v - 10 = 0. Let m = v - -2. Determine a(m).
2
Suppose 7*x + 10 = 31. Let l(z) be the third derivative of -9*z**2 + 1/24*z**4 + 0 + 0*z - 1/3*z**x. Give l(4).
2
Suppose 0 = 4*o + 4, 5*j + 3*o - o - 473 = 0. Let w(t) = 7 + 96*t**2 - j*t**2 + 3*t - 13*t. Determine w(8).
-9
Let k be (-132)/(-22)*(-1)/(-2). Let j(s) = -s**3 + 5*s**2 - 5*s + 2. What is j(k)?
5
Suppose -2*o = -3*y + 6*y - 11, 0 = -4*y - 5*o + 24. Suppose 42*r - 40*r = 342. Let w(u) = 3 - 2 - 2*u - r*u**3 + 175*u**3. Determine w(y).
3
Let c(v) = -40*v**2 + 2*v - 1. Let s(r) = r**2 - 10*r - 23. Let d be s(12). Give c(d).
-39
Suppose -69*q + 4 = -65*q. Let p(t) = -8*t**3 + 2*t - 1. Let s be p(q). Let j(x) = -x**2 - 8*x + 3. Give j(s).
10
Let n(x) = 41*x**2 - 3*x + 3. Let h(m) = 14*m**2 - m + 1. Let r(v) = -7*h(v) + 2*n(v). Give r(1).
-16
Let g(y) = -y**3 + 7*y**2 - 3. Suppose -28*o = -26*o - 14. Determine g(o).
-3
Let m(n) be the first derivative of n**2/2 + 13*n + 57. Suppose h + 29 = -5*f, 3*h + 7 = 4*f - 4. Calculate m(h).
4
Suppose 51 = -13*z - 118. Let c(n) = n + 15. Give c(z).
2
Let i(f) = f**2 - 2*f - 1. Let z = 36 + -12. Let u be (-12)/(-32) - 57/z. Determine i(u).
7
Let a(z) = -6 - 6*z - 4*z + 9*z - 2*z. Determine a(-6).
12
Let w(p) be the third derivative of p**5/12 + p**4/6 + p**3/2 - 36*p**2. Determine w(-2).
15
Let z(q) = q - 1. Let k(t) = 0 - 5 - 2 + 2. Let o(f) = k(f) - 3*z(f). Let i(b) = -b**3 - 3*b**2 - 4*b - 2. Let n be i(-2). Calculate o(n).
-8
Let h(m) = -8*m + 1. Let c(b) = -35*b + 5. Let d(u) = 2*c(u) - 9*h(u). Determine d(-3).
-5
Let y(p) = 3 + 2*p + p**3 - 2*p**3 + p + 4*p**2. Suppose -28*s + 30*s = 0. Let u be -2 + (1 - (-5 + s)). Determine y(u).
15
Let q(u) = -4*u + 2. Let y be q(-10). Let s = -44 + y. Let a(v) be the first derivative of -2*v**3/3 + v**2/2 - 2*v - 1. Calculate a(s).
-12
Suppose -3 = -3*j + 3. Suppose -j*y - 2*q = -16, 4*y - 30 = 3*q + 30. Let o(p) = 4*p**3 + 5*p**3 - p + 5*p**3 - 2*p**2 - 2 - y*p**3. Determine o(2).
4
Let x(z) be the second derivative of -z**3/3 + z**2/2 - 48*z. Give x(-6).
13
Let t(g) = -4104 - 6*g**2 + 5*g**2 + 4101 - 2*g. Determine t(-4).
-11
Let j(c) = 4*c - 57. Let r(y) = -y + 11. Let u = -15 - -17. Let k(x) = u*j(x) + 11*r(x). Determine k(6).
-11
Let f(w) = -41 + 5*w + 3*w**2 + 5 - 37 + 79. Determine f(-6).
84
Let t(o) = 9*o + 27. Suppose 51 = 7*n - 40. Let r(m) = -4*m - 13. Let d(x) = n*r(x) + 6*t(x). What is d(5)?
3
Let m(s) = 10*s**3 + 8*s**2 + 4*s + 1. Let v(b) = 17*b**3 + 16*b**2 + 9*b + 1. Let a(t) = 5*m(t) - 3*v(t). Determine a(-6).
-28
Let m(w) = -2*w**2 + 4*w + 1. Let t(o) = -o**3 + 4*o**2 - 4*o + 6. Let j be t(3). Suppose -c = -2*y + j - 12, -24 = -5*c + 3*y. Determine m(c).
-5
Let b(q) be the second derivative of 0 - 1/6*q**3 + 0*q**2 + q - 1/12*q**4 + 9/20*q**5. Let y be (10/90)/((-2)/6)*3. What is b(y)?
-9
Let i be (-27 + 26)/((-2)/(-54)). Let g be (-2)/(-4) - i/6. Let j(q) = -q**2 + 4*q + 7. What is j(g)?
2
Let z = -3 - -5. Let l(n) = -11*n**2 + 4*n**z + 5*n**2 + 4*n**2 + n**3. Give l(-2).
0
Let d be ((-32)/12)/4 + (-76)/(-6). Let a be (2 - 20/d)/(2/(-6)). Let n(k) = 3*k**2 + 2*k + 1. Calculate n(a).
2
Let l(s) = -s**3 - 87*s**2 + 82*s**2 - 3*s**3 + 7*s + 3*s**3 + 6. Let u(j) = j**2 + 7*j + 6. Suppose -8 = b + b. Let i be u(b). Determine l(i).
0
Suppose -4*m 